{"id":1162,"date":"2022-01-23T11:02:31","date_gmt":"2022-01-23T10:02:31","guid":{"rendered":"https:\/\/simsalala.eu\/preview\/?post_type=product&#038;p=1162"},"modified":"2022-01-23T12:13:50","modified_gmt":"2022-01-23T11:13:50","slug":"pesnicky-pre-sikovne-deticky-co-mame-najradsej","status":"publish","type":"product","link":"https:\/\/simsalala.eu\/index.php\/produkt\/pesnicky-pre-sikovne-deticky-co-mame-najradsej\/","title":{"rendered":"Pesni\u010dky pre \u0161ikovn\u00e9 deti\u010dky: \u010co m\u00e1me najrad\u0161ej"},"content":{"rendered":"<p>Nov\u00e9, v porad\u00ed druh\u00e9 detsk\u00e9 CD obsahuje tane\u010dn\u00e9 pesni\u010dky zn\u00e1mej detskej spev\u00e1\u010dky SIMSALALI, ktor\u00e1 vystupuje v matersk\u00fdch \u0161k\u00f4lkach a na r\u00f4znych podujatiach po celom Slovensku.\u00a0CD je nahrat\u00e9 \u0161t\u00fdlom pr\u00edstupn\u00fdm pre deti. Tie sa nau\u010dia ve\u013ea nov\u00e9ho a z\u00e1rove\u0148 si pri pesni\u010dk\u00e1ch zatancuj\u00fa a zacvi\u010dia.<\/p>\n<p><strong>Zoznam piesn\u00ed:<\/strong><\/p>\n<ol>\n<li>Rodi\u010dom<\/li>\n<li>Zvieratk\u00e1<\/li>\n<li>Hra\u010dky<\/li>\n<li>Sviatok<\/li>\n<li>Kamar\u00e1t<\/li>\n<li>Slnie\u010dko<\/li>\n<li>Cvi\u010denie &#8211; Hopi Hop<\/li>\n<li>Simsalala<\/li>\n<li>Spievanky 1.<\/li>\n<li>Spievanky 2.<\/li>\n<\/ol>\n","protected":false},"excerpt":{"rendered":"<p>Nov\u00e9, v porad\u00ed druh\u00e9 detsk\u00e9 CD obsahuje tane\u010dn\u00e9 pesni\u010dky zn\u00e1mej detskej spev\u00e1\u010dky SIMSALALI, ktor\u00e1 vystupuje v matersk\u00fdch \u0161k\u00f4lkach a na r\u00f4znych podujatiach po celom Slovensku.\u00a0CD je nahrat\u00e9 \u0161t\u00fdlom pr\u00edstupn\u00fdm pre deti. Tie sa nau\u010dia ve\u013ea nov\u00e9ho a z\u00e1rove\u0148 si pri pesni\u010dk\u00e1ch zatancuj\u00fa a zacvi\u010dia. Zoznam piesn\u00ed: Rodi\u010dom Zvieratk\u00e1 Hra\u010dky Sviatok Kamar\u00e1t Slnie\u010dko Cvi\u010denie &#8211; Hopi Hop Simsalala Spievanky 1. Spievanky 2.<\/p>\n","protected":false},"featured_media":1173,"template":"","meta":{"om_disable_all_campaigns":false,"_monsterinsights_skip_tracking":false,"_monsterinsights_sitenote_active":false,"_monsterinsights_sitenote_note":"","_monsterinsights_sitenote_category":0},"product_cat":[20],"product_tag":[],"aioseo_notices":[],"_links":{"self":[{"href":"https:\/\/simsalala.eu\/index.php\/wp-json\/wp\/v2\/product\/1162"}],"collection":[{"href":"https:\/\/simsalala.eu\/index.php\/wp-json\/wp\/v2\/product"}],"about":[{"href":"https:\/\/simsalala.eu\/index.php\/wp-json\/wp\/v2\/types\/product"}],"wp:featuredmedia":[{"embeddable":true,"href":"https:\/\/simsalala.eu\/index.php\/wp-json\/wp\/v2\/media\/1173"}],"wp:attachment":[{"href":"https:\/\/simsalala.eu\/index.php\/wp-json\/wp\/v2\/media?parent=1162"}],"wp:term":[{"taxonomy":"product_cat","embeddable":true,"href":"https:\/\/simsalala.eu\/index.php\/wp-json\/wp\/v2\/product_cat?post=1162"},{"taxonomy":"product_tag","embeddable":true,"href":"https:\/\/simsalala.eu\/index.php\/wp-json\/wp\/v2\/product_tag?post=1162"}],"curies":[{"name":"wp","href":"https:\/\/api.w.org\/{rel}","templated":true}]}}