{"id":7,"date":"2021-11-05T06:54:26","date_gmt":"2021-11-05T05:54:26","guid":{"rendered":"https:\/\/simsalala.eu\/preview\/index.php\/kosik\/"},"modified":"2022-09-03T13:18:30","modified_gmt":"2022-09-03T11:18:30","slug":"kosik","status":"publish","type":"page","link":"https:\/\/simsalala.eu\/index.php\/kosik\/","title":{"rendered":"Ko\u0161\u00edk"},"content":{"rendered":"<div class=\"brz-root__container brz-reset-all\">\n<section data-uid=\"noidqqmvxxhhlgbkvxnmyaufptzheeinfhrk\" id=\"noidqqmvxxhhlgbkvxnmyaufptzheeinfhrk\" class=\"brz-section brz-css-fadbi\">\n<div class=\"brz-section__content brz-section--boxed brz-css-jtflt\" data-custom-id=\"xcaxiukiyrfohedtkambtsgriyfypbqcctue\">\n<div class=\"brz-container brz-css-wpakt\">\n<div class=\"brz-css-kywos brz-wrapper\">\n<div class=\"brz-wp-shortcode brz-css-aiccj\" data-custom-id=\"thhcvdfynuksoomtaqmqozxlqnzpflzaqpmv\">\n<div><\/div>\n<\/div>\n<\/div>\n<\/div>\n<\/div>\n<\/section>\n<section data-uid=\"wodnntcqpbefmobvixnltfdilveppqbvndaz\" id=\"wodnntcqpbefmobvixnltfdilveppqbvndaz\" class=\"brz-section brz-css-fadbi\">\n<div class=\"brz-section__content brz-section--boxed brz-css-jtflt brz-css-gkmsc\" data-custom-id=\"ryqgdhbnktzkfbjyksvnbgidaohgijdkkuvi\">\n<div class=\"brz-bg\">\n<div class=\"brz-bg-color\"><\/div>\n<\/div>\n<div class=\"brz-container brz-css-wpakt\">\n<div class=\"brz-row__container brz-css-rrrah\" data-custom-id=\"yzmitcixydkmmqsczrcxnbdbfeqjcgfwivwd\">\n<div class=\"brz-row brz-css-sbeol\">\n<div class=\"brz-columns brz-css-mfkcw brz-css-agsvw\" data-custom-id=\"fpzuhdzstbybtcjxmokbzqpapgdbjqldrbxf\">\n<div class=\"brz-column__items brz-css-tsvym\">\n<div class=\"brz-css-kywos brz-wrapper\">\n<div class=\"brz-icon-text brz-css-ztaca\" data-custom-id=\"hststmjkkuqkfnirreqwauudhannctwkkqqv\">\n<div id class=\"brz-icon__container\" data-custom-id=\"oszewnzslwcfgslpsyrnlkukthcqrjeaucno\"><span class=\"brz-span brz-icon css-1jv7crd\"> <\/span><\/div>\n<div class=\"brz-text-btn\">\n<div class=\"brz-rich-text brz-rich-text__custom brz-css-uezix\" data-custom-id=\"aqkitetyjrfhhcqciuuedinrjggdzcgwnacp\">\n<div>\n<p data-uniq-id=\"soovz\" data-generated-css=\"brz-css-gxiio\" class=\"brz-css-drfxx\"><span>TELEF\u00d3N<\/span><\/p>\n<p data-uniq-id=\"lyarc\" data-generated-css=\"brz-css-jsqdo\" class=\"brz-css-hqdne\"><span>+421 902 704 363<\/span><\/p>\n<\/div>\n<\/div>\n<\/div>\n<\/div>\n<\/div>\n<\/div>\n<\/div>\n<div class=\"brz-columns brz-css-mfkcw brz-css-vagcr\" data-custom-id=\"whkfcjblmmfqnynlgrdoerolymnvngqwkstr\">\n<div class=\"brz-column__items brz-css-tsvym\">\n<div class=\"brz-css-kywos brz-wrapper\">\n<div class=\"brz-icon-text brz-css-ztaca brz-css-ezbml\" data-custom-id=\"giwqdbmjxanmcbmhzpzittzkdvikffkzmdhq\">\n<div id class=\"brz-icon__container\" data-custom-id=\"abjiisijjwrlxokqpzuskqnsbuamxsrheelm\"><span class=\"brz-span brz-icon css-1jv7crd\">   <\/span><\/div>\n<div class=\"brz-text-btn\">\n<div class=\"brz-rich-text brz-rich-text__custom brz-css-uezix\" data-custom-id=\"lcbpokxznhdscleylmgmtblsaxnlqzyginlu\">\n<div>\n<p class=\"brz-css-wpxmw\" data-uniq-id=\"fcboe\" data-generated-css=\"brz-css-seigr\">EMAIL<\/p>\n<p class=\"brz-css-xjcvz\" data-uniq-id=\"fcboe\" data-generated-css=\"brz-css-seigr\"><a href=\"mailto:simsalala@simsalala.eu\" class=\"link--external brz-cp-color7\" data-brz-link-type=\"external\">simsalala@simsalala.eu<\/a><\/p>\n<\/div>\n<\/div>\n<\/div>\n<\/div>\n<\/div>\n<\/div>\n<\/div>\n<\/div>\n<\/div>\n<div id=\"swsk-divider\" class=\"brz-row__container brz-css-rrrah\" data-custom-id=\"ajrnjmrvoeladjpfnodhgvqawypyscdvsitx\">\n<div class=\"brz-row brz-css-sbeol\">\n<div class=\"brz-columns brz-css-mfkcw brz-css-ufayx\" data-custom-id=\"yrtdzikdjukoqnehnwnqgukycysvwhcxvpui\">\n<div class=\"brz-column__items brz-css-tsvym\">\n<div class=\"brz-css-kywos brz-css-ugvew brz-wrapper\">\n<div class=\"brz-image brz-css-ouker\"><img class=\"brz-img\" src=\"https:\/\/simsalala.eu\/wp-content\/uploads\/brizy\/imgs\/simsalala-logo-height80-tinted-254x115x0x4x254x107x1644861162.png\" alt=\"logo simsalala\" loading=\"lazy\" \/><\/div>\n<\/div>\n<\/div>\n<\/div>\n<div class=\"brz-columns brz-css-mfkcw brz-css-zhllq\" data-custom-id=\"qiqrnrgerwwzchmutprdpumkoewyqhltoekc\">\n<div class=\"brz-column__items brz-css-tsvym\">\n<div class=\"brz-css-kywos brz-css-huxip brz-wrapper\">\n<div class=\"brz-rich-text brz-rich-text__custom brz-css-uezix\" data-custom-id=\"dfxaubzspmvaglelnobgvwevkljhpaixjexa\">\n<div>\n<p class=\"brz-css-ggtrj\" data-uniq-id=\"zuqac\" data-generated-css=\"brz-css-cujvb\"><strong class=\"brz-cp-color7\">Kontakt<\/strong><\/p>\n<\/div>\n<\/div>\n<\/div>\n<div class=\"brz-css-kywos brz-wrapper\">\n<div class=\"brz-rich-text brz-rich-text__custom brz-css-uezix\" data-custom-id=\"jsdeemicypqvmrzofkoajwrtoiwfoocsfont\">\n<div>\n<p class=\"brz-css-onaan\" data-uniq-id=\"rjllf\" data-generated-css=\"brz-css-aalpy\"><span class=\"brz-cp-color7\">Simona Hud\u00e1kov\u00e1 &#8211; SIMSALALA<\/span><\/p>\n<p class=\"brz-css-kxucz\" data-uniq-id=\"dbxvb\" data-generated-css=\"brz-css-davxa\"><span class=\"brz-cp-color7\">Ve\u013ek\u00fd Lap\u00e1\u0161 1122<\/span><\/p>\n<p class=\"brz-css-kuntm\" data-uniq-id=\"ijnnn\" data-generated-css=\"brz-css-purgi\"><span class=\"brz-cp-color7\">951 04 Ve\u013ek\u00fd Lap\u00e1\u0161 <\/span><\/p>\n<\/div>\n<\/div>\n<\/div>\n<div class=\"brz-css-kywos brz-wrapper\">\n<div class=\"brz-rich-text brz-rich-text__custom brz-css-uezix\" data-custom-id=\"euqazdzmhocufubeepfgwdeptvpyybldlqqb\">\n<div>\n<p class=\"brz-css-difty\" data-uniq-id=\"jqpsm\" data-generated-css=\"brz-css-dztzp\"><span class=\"brz-cp-color7\">I\u010cO: 50318501<\/span><\/p>\n<p class=\"brz-css-qhvdy\" data-uniq-id=\"nsgez\" data-generated-css=\"brz-css-fnofv\"><span class=\"brz-cp-color7\">DI\u010c: 1120083899<\/span><\/p>\n<p class=\"brz-css-ysxyc\" data-generated-css=\"brz-css-idokr\" data-uniq-id=\"bbsmc\"><span class=\"brz-cp-color7\">Zap\u00edsan\u00e1 v O\u00da Nitra, \u010d.\u017eiv.reg.: 470-18757<\/span><\/p>\n<\/div>\n<\/div>\n<\/div>\n<\/div>\n<\/div>\n<div class=\"brz-columns brz-css-mfkcw brz-css-xleke\" data-custom-id=\"emqrubgoqoxmsmdrnyodvzfbskbhfisvwrre\">\n<div class=\"brz-column__items brz-css-tsvym\">\n<div class=\"brz-css-kywos brz-css-qldwy brz-wrapper\">\n<div class=\"brz-rich-text brz-rich-text__custom brz-css-uezix\" data-custom-id=\"wuwrrtjcrjgztcklosjglqmiemozszvokwim\">\n<div>\n<p class=\"brz-css-fdene\" data-uniq-id=\"jfsjv\" data-generated-css=\"brz-css-sejbt\"><strong class=\"brz-cp-color7\">Inform\u00e1cie<\/strong><\/p>\n<\/div>\n<\/div>\n<\/div>\n<div class=\"brz-css-kywos brz-css-ihrii brz-wrapper\">\n<div class=\"brz-embed-code brz-css-xqpny brz-css-lhxmm\" data-custom-id=\"erclhkejtbptugluoljlykferubglngkfjbk\">\n<div class=\"brz-embed-content\">\n<div class><a href=\"Cookiebot.renew();\" class=\"swsk-link\">Nastavenie cookies<\/a><\/div>\n<\/div>\n<\/div>\n<\/div>\n<div id=\"swsk-link-container\" class=\"brz-css-kywos brz-css-bhxnq brz-wrapper\">\n<div class=\"brz-rich-text brz-rich-text__custom brz-css-uezix\" data-custom-id=\"dkpblqeeirlrorebdwlkvspyggnpgfnkpwvz\">\n<div>\n<p class=\"brz-css-xzypb\" data-generated-css=\"brz-css-tmjcu\" data-uniq-id=\"zxggb\"><a href=\"https:\/\/simsalala.eu\/index.php\/prehlasenie-cookies\" class=\"brz-cp-color7 link--external\" data-brz-link-type=\"external\">Prehl\u00e1senie o cookies<\/a><\/p>\n<\/div>\n<\/div>\n<\/div>\n<div id=\"swsk-link-container\" class=\"brz-css-kywos brz-css-xyzpy brz-wrapper\">\n<div class=\"brz-rich-text brz-rich-text__custom brz-css-uezix\" data-custom-id=\"qjcpwiefaryygbbvcdikhacjlojhusgwncbn\">\n<div>\n<p class=\"brz-css-jbaaj\" data-uniq-id=\"rsgkg\" data-generated-css=\"brz-css-lttsv\"><a href=\"https:\/\/simsalala.eu\/index.php\/prehlasenie-cookies\" class=\"brz-cp-color7 link--external\" data-brz-link-type=\"external\">Ochrana osobn\u00fdch \u00fadajov<\/a><\/p>\n<\/div>\n<\/div>\n<\/div>\n<div id=\"swsk-link-container\" class=\"brz-css-kywos brz-css-uxnnq brz-wrapper\">\n<div class=\"brz-rich-text brz-rich-text__custom brz-css-uezix\" data-custom-id=\"mdvvilgwggacjzjzltmwqwtndisvidgnopdy\">\n<div>\n<p class=\"brz-css-jmqdy\" data-uniq-id=\"mmvue\" data-generated-css=\"brz-css-qsspt\"><a href=\"https:\/\/simsalala.eu\/index.php\/prehlasenie-cookies\" class=\"brz-cp-color7 link--external\" data-brz-link-type=\"external\">Obchodn\u00e9 podmienky<\/a><\/p>\n<\/div>\n<\/div>\n<\/div>\n<div id=\"swsk-link-container\" class=\"brz-css-kywos brz-css-veybz brz-wrapper\">\n<div class=\"brz-rich-text brz-rich-text__custom brz-css-uezix\" data-custom-id=\"vhhrhbljphadphjgdfhohuxetenkmrtigdwu\">\n<div>\n<p class=\"brz-css-xcxzu\" data-uniq-id=\"rkwdg\" data-generated-css=\"brz-css-lzlsx\"><a href=\"https:\/\/simsalala.eu\/index.php\/prehlasenie-cookies\" class=\"brz-cp-color7 link--external\" data-brz-link-type=\"external\">Doprava a platba<\/a><\/p>\n<\/div>\n<\/div>\n<\/div>\n<div id=\"swsk-link-container\" class=\"brz-css-kywos brz-css-fdute brz-wrapper\">\n<div class=\"brz-rich-text brz-rich-text__custom brz-css-uezix\" data-custom-id=\"jpoanvzanthmsylyugxchreufyviybcnziyw\">\n<div>\n<p class=\"brz-css-kklzf\" data-uniq-id=\"pxcxw\" data-generated-css=\"brz-css-qcegh\"><a href=\"https:\/\/simsalala.eu\/index.php\/prehlasenie-cookies\" class=\"brz-cp-color7 link--external\" data-brz-link-type=\"external\">Vr\u00e1tenie tovaru a reklam\u00e1cie<\/a><\/p>\n<\/div>\n<\/div>\n<\/div>\n<\/div>\n<\/div>\n<\/div>\n<\/div>\n<div id=\"swsk-divider\" class=\"brz-row__container brz-css-rrrah\" data-custom-id=\"zuhnsytsdirpjssgsfwqeoejbozfhcnpmzuf\">\n<div class=\"brz-row brz-css-sbeol\">\n<div class=\"brz-columns brz-css-mfkcw brz-css-jodyf\" data-custom-id=\"vultynhlveuhyuxibzvjlahwfsrgcuthdaaq\">\n<div class=\"brz-column__items brz-css-tsvym\">\n<div id=\"swsk-link-container\" class=\"brz-css-kywos brz-wrapper\">\n<div class=\"brz-rich-text brz-rich-text__custom brz-css-uezix\" data-custom-id=\"ruxlwufhsqlitsqztyuvzweqmnoyacjzytds\">\n<div>\n<p class=\"brz-css-ofxez\" data-uniq-id=\"iavqs\" data-generated-css=\"brz-css-mufrj\"><span class=\"brz-cp-color7\">\u00a9 Copyright 2022, simsalala.eu<\/span><\/p>\n<\/div>\n<\/div>\n<\/div>\n<\/div>\n<\/div>\n<div class=\"brz-columns brz-css-mfkcw brz-css-ztlwk\" data-custom-id=\"jscifdjhqgnwbsmeneufjlzadpvrbqvonamf\">\n<div class=\"brz-column__items brz-css-tsvym brz-css-uefyk\">\n<div class=\"brz-wrapper-clone brz-css-jpweo\">\n<div class=\"brz-d-xs-flex brz-flex-xs-wrap brz-css-muyaa\">\n<div class=\"brz-wrapper-clone__item brz-css-kyxdi\" id=\"maghgsicljxxwufcfbqlmkuwqgvkpsqbzdoo\">\n<div id class=\"brz-icon__container\" data-custom-id=\"maghgsicljxxwufcfbqlmkuwqgvkpsqbzdoo\"><a class=\"brz-a\" href=\"https:\/\/www.facebook.com\/Simsalala\/\" target=\"_blank\" rel=\"noopener\" data-brz-link-type=\"external\" id><span class=\"brz-span brz-icon css-1p2sg9\"><\/span><\/a><\/div>\n<\/div>\n<div class=\"brz-wrapper-clone__item brz-css-kyxdi\" id=\"klkkzkgtjldboqakzocdqdcwektaldoeihef\">\n<div id class=\"brz-icon__container\" data-custom-id=\"klkkzkgtjldboqakzocdqdcwektaldoeihef\"><a class=\"brz-a\" href=\"https:\/\/www.instagram.com\/simsalalasimsa\" target=\"_blank\" rel=\"noopener\" data-brz-link-type=\"external\" id><span class=\"brz-span brz-icon css-1p2sg9\"><\/span><\/a><\/div>\n<\/div>\n<div class=\"brz-wrapper-clone__item brz-css-kyxdi\" id=\"lxkkqrdjvmeyymjqzplrtxhijswihwogfigs\">\n<div id class=\"brz-icon__container\" data-custom-id=\"lxkkqrdjvmeyymjqzplrtxhijswihwogfigs\"><a class=\"brz-a\" href=\"https:\/\/www.youtube.com\/channel\/UCJjdXtxkjOeJr9us_q_i1EQ\" target=\"_blank\" rel=\"noopener\" data-brz-link-type=\"external\" id><span class=\"brz-span brz-icon css-1p2sg9\"><\/span><\/a><\/div>\n<\/div>\n<div class=\"brz-wrapper-clone__item brz-css-kyxdi\" id=\"txszbelxljuiyhkmjipqhqkxlukksjiadarj\">\n<div id class=\"brz-icon__container\" data-custom-id=\"txszbelxljuiyhkmjipqhqkxlukksjiadarj\"><a class=\"brz-a\" href=\"https:\/\/open.spotify.com\/artist\/33vWuwpF1nKijx9c1B1LhR\" target=\"_blank\" rel=\"noopener\" data-brz-link-type=\"external\" id><span class=\"brz-span brz-icon css-1p2sg9\"><\/span><\/a><\/div>\n<\/div>\n<\/div>\n<\/div>\n<\/div>\n<\/div>\n<\/div>\n<\/div>\n<\/div>\n<\/div>\n<\/section>\n<\/div>\n<p><!-- version:1662203910 --><\/p>\n","protected":false},"excerpt":{"rendered":"<p>TELEF\u00d3N +421 902 704 363 EMAIL simsalala@simsalala.eu Kontakt Simona Hud\u00e1kov\u00e1 &#8211; SIMSALALA Ve\u013ek\u00fd Lap\u00e1\u0161 1122 951 04 Ve\u013ek\u00fd Lap\u00e1\u0161 I\u010cO: 50318501 DI\u010c: 1120083899 Zap\u00edsan\u00e1 v O\u00da Nitra, \u010d.\u017eiv.reg.: 470-18757 Inform\u00e1cie Nastavenie cookies Prehl\u00e1senie o cookies Ochrana osobn\u00fdch \u00fadajov Obchodn\u00e9 podmienky Doprava a platba Vr\u00e1tenie tovaru a reklam\u00e1cie \u00a9 Copyright 2022, simsalala.eu<\/p>\n","protected":false},"author":1,"featured_media":0,"parent":0,"menu_order":0,"comment_status":"closed","ping_status":"closed","template":"","meta":{"om_disable_all_campaigns":false,"_monsterinsights_skip_tracking":false,"_monsterinsights_sitenote_active":false,"_monsterinsights_sitenote_note":"","_monsterinsights_sitenote_category":0},"blocksy_meta":{"styles_descriptor":{"styles":{"desktop":"","tablet":"","mobile":""},"google_fonts":[],"version":5}},"aioseo_notices":[],"_links":{"self":[{"href":"https:\/\/simsalala.eu\/index.php\/wp-json\/wp\/v2\/pages\/7"}],"collection":[{"href":"https:\/\/simsalala.eu\/index.php\/wp-json\/wp\/v2\/pages"}],"about":[{"href":"https:\/\/simsalala.eu\/index.php\/wp-json\/wp\/v2\/types\/page"}],"author":[{"embeddable":true,"href":"https:\/\/simsalala.eu\/index.php\/wp-json\/wp\/v2\/users\/1"}],"replies":[{"embeddable":true,"href":"https:\/\/simsalala.eu\/index.php\/wp-json\/wp\/v2\/comments?post=7"}],"version-history":[{"count":0,"href":"https:\/\/simsalala.eu\/index.php\/wp-json\/wp\/v2\/pages\/7\/revisions"}],"wp:attachment":[{"href":"https:\/\/simsalala.eu\/index.php\/wp-json\/wp\/v2\/media?parent=7"}],"curies":[{"name":"wp","href":"https:\/\/api.w.org\/{rel}","templated":true}]}}